rime factors of 1362601661.
1362601661
List the prime factors of 2568985207.
23, 53, 83, 25391
What are the prime factors of 911314376?
2, 7, 17, 957263
List the prime factors of 65378070.
2, 3, 5, 31, 73, 107
What are the prime factors of 2486358223?
97, 25632559
List the prime factors of 3221710386.
2, 3, 1607, 334133
List the prime factors of 317149546.
2, 7, 22653539
What are the prime factors of 792915373?
7019, 112967
List the prime factors of 33406067.
33406067
List the prime factors of 4493352850.
2, 5, 7, 12838151
List the prime factors of 352084143.
3, 31, 3785851
What are the prime factors of 4028173?
4028173
What are the prime factors of 73669828?
2, 23, 800759
What are the prime factors of 21260180?
2, 5, 1063009
List the prime factors of 35878116.
2, 3, 41, 72923
List the prime factors of 37785911.
37785911
List the prime factors of 70631485.
5, 31, 455687
List the prime factors of 49546373.
239, 207307
List the prime factors of 659933215.
5, 79, 1670717
What are the prime factors of 36542473?
11, 3322043
What are the prime factors of 37476760?
2, 5, 936919
List the prime factors of 6298719078.
2, 3, 25523, 41131
What are the prime factors of 4615043760?
2, 3, 5, 19, 29, 11633
What are the prime factors of 150479701?
150479701
List the prime factors of 269610713.
101, 127, 21019
What are the prime factors of 322306771?
322306771
List the prime factors of 2986146204.
2, 3, 101, 359, 6863
What are the prime factors of 213687207?
3, 7914341
List the prime factors of 163544573.
17, 9620269
What are the prime factors of 240373572?
2, 3, 103, 439, 443
List the prime factors of 333154204.
2, 29, 2872019
What are the prime factors of 562282751?
19, 673, 43973
List the prime factors of 10725207.
3, 409, 8741
List the prime factors of 48704491.
11, 4427681
What are the prime factors of 1454071287?
3, 19507, 24847
What are the prime factors of 700393843?
700393843
List the prime factors of 534015682.
2, 267007841
What are the prime factors of 1102839963?
3, 17, 43, 283, 1777
List the prime factors of 57777744.
2, 3, 29, 41507
What are the prime factors of 22509622?
2, 11254811
List the prime factors of 16204591.
13, 29, 53, 811
List the prime factors of 56778609.
3, 37, 511519
List the prime factors of 176772242.
2, 88386121
List the prime factors of 104248336.
2, 6515521
What are the prime factors of 364623313?
67, 269, 20231
List the prime factors of 72377050.
2, 5, 853, 1697
What are the prime factors of 70060369?
23, 3046103
List the prime factors of 741555234.
2, 3, 7, 5885359
What are the prime factors of 6501754248?
2, 3, 11, 19, 31, 41813
List the prime factors of 350820757.
7, 2111, 23741
List the prime factors of 51957547.
1531, 33937
What are the prime factors of 2992534785?
3, 5, 66500773
What are the prime factors of 50326015?
5, 10065203
What are the prime factors of 20279199?
3, 2477, 2729
What are the prime factors of 157206177?
3, 31, 41, 509
What are the prime factors of 3275711039?
389, 2551, 3301
List the prime factors of 32992494.
2, 3, 31, 177379
List the prime factors of 106811817.
3, 7, 726611
What are the prime factors of 2872520500?
2, 5, 53, 61, 1777
List the prime factors of 1139207877.
3, 126578653
What are the prime factors of 530067469?
53, 71, 140863
What are the prime factors of 77892821?
113, 689317
List the prime factors of 3828443192.
2, 7, 199, 343543
What are the prime factors of 461912649?
3, 11, 53, 264101
What are the prime factors of 6011413508?
2, 89, 16885993
What are the prime factors of 174999063?
3, 19, 271, 11329
List the prime factors of 460220292.
2, 3, 7, 131, 1549
What are the prime factors of 84879875?
5, 679039
List the prime factors of 137463548.
2, 23, 31, 157, 307
What are the prime factors of 108357371?
17, 374939
What are the prime factors of 1309973771?
463, 2829317
List the prime factors of 738383686.
2, 369191843
What are the prime factors of 284753455?
5, 7, 23, 7219
List the prime factors of 209240077.
569, 367733
List the prime factors of 59899550.
2, 5, 127, 9433
List the prime factors of 470830747.
29, 53, 306331
List the prime factors of 6529473364.
2, 1632368341
What are the prime factors of 960122175?
3, 5, 17, 151, 4987
List the prime factors of 210966348.
2, 3, 19, 925291
List the prime factors of 15962966.
2, 17, 23, 137, 149
What are the prime factors of 1053656495?
5, 19, 11091121
What are the prime factors of 72107463?
3, 1091, 22031
List the prime factors of 875554756.
2, 2039, 107351
List the prime factors of 524297584.
2, 32768599
List the prime factors of 1606117549.
4723, 340063
List the prime factors of 3585983959.
3585983959
What are the prime factors of 205812178?
2, 11, 13, 59, 12197
List the prime factors of 5073301200.
2, 3, 5, 11, 467, 823
What are the prime factors of 680760993?
3, 11, 29, 43, 71, 233
What are the prime factors of 50563620?
2, 3, 5, 280909
What are the prime factors of 1220550083?
2003, 609361
What are the prime factors of 71595420?
2, 3, 5, 13, 19, 4831
List the prime factors of 125093118.
2, 3, 83, 251191
What are the prime factors of 32920468?
2, 7, 673, 1747
List the prime factors of 47856228.
2, 3, 7, 569717
List the prime factors of 118846857.
3, 1621, 24439
List the prime factors of 48264365.
5, 31, 101, 3083
What are the prime factors of 386716727?
386716727
What are the prime factors of 103736664?
2, 3, 31, 46477
What are the prime factors of 11878648?
2, 17, 19, 4597
List the prime factors of 68298430.
2, 5, 701, 9743
What are the prime factors of 341115389?
7523, 45343
List the prime factors of 1359993047.
7, 17, 2011, 5683
List the prime factors of 727547207.
83, 8765629
What are the prime factors of 1743501327?
3, 397, 1463897
List the prime factors of 80288526.
2, 3, 13381421
List the prime factors of 243241156.
2, 60810289
List the prime factors of 50446469.
409, 123341
What are the prime factors of 1684772557?
13, 129597889
List the prime factors of 323200418.
2, 29, 593, 9397
List the prime factors of 12447135.
3, 5, 137, 673
List the prime factors of 505858294.
2, 311, 813277
List the prime factors of 328496296.
2, 1117, 36761
List the prime factors of 2452041637.
19, 5531, 23333
List the prime factors of 118004553.
3, 53, 82463
What are the prime factors of 90542547?
3, 10060283
List the prime factors of 63332757.
3, 19, 101, 193
List the prime factors of 127946683.
127946683
List the prime factors of 210946799.
7, 353, 85369
List the prime factors of 1343060518.
2, 671530259
What are the prime factors of 65201563?
7, 83, 112223
List the prime factors of 667726150.
2, 5, 7, 13, 101, 1453
List the prime factors of 193337313.
3, 13, 1033, 4799
What are the prime factors of 166184453?
23, 127, 56893
What are the prime factors of 696941693?
7, 1699, 58601
What are the prime factors of 7784493479?
7, 1112070497
List the prime factors of 2287097476.
2, 59, 9691091
What are the prime factors of 442725946?
2, 13, 17027921
What are the prime factors of 473360418?
2, 3, 26297801
List the prime factors of 30597460.
2, 5, 1033, 1481
What are the prime factors of 34302327?
3, 101, 113209
What are the prime factors of 145290499?
145290499
What are the prime factors of 3513529094?
2, 17, 103339091
List the prime factors of 3928631108.
2, 307, 1093, 2927
List the prime factors of 398275868.
2, 103, 757, 1277
What are the prime factors of 111078966?
2, 3, 331, 55931
What are the prime factors of 43016424?
2, 3, 11, 127, 1283
List the prime factors of 30432434.
2, 15216217
What are the prime factors of 215490675?
3, 5, 2873209
List the prime factors of 1686182361.
3, 562060787
What are the prime factors of 21552056?
2, 17, 37, 4283
List the prime factors of 17238215.
5, 3447643
List the prime factors of 37006173.
3, 1370599
List the prime factors of 4631124571.
569, 8139059
List the prime factors of 389922030.
2, 3, 5, 17, 31, 8221
List the prime factors of 379062064.
2, 23691379
What are the prime factors of 122698729?
122698729
List the prime factors of 17692067.
17692067
List the prime factors of 44171798.
2, 11, 71, 28279
List the prime factors of 240773124.
2, 3, 89, 151, 1493
List the prime factors of 218655536.
2, 11, 1242361
List the prime factors of 125755938.
2, 3, 7, 11, 41, 2213
What are the prime factors of 534763918?